{"id":14,"date":"2015-04-01T22:46:36","date_gmt":"2015-04-01T20:46:36","guid":{"rendered":"http:\/\/contemplom.at\/?page_id=14"},"modified":"2017-02-19T21:41:41","modified_gmt":"2017-02-19T19:41:41","slug":"impressum","status":"publish","type":"page","link":"http:\/\/contemplom.at\/?page_id=14","title":{"rendered":"Impressum"},"content":{"rendered":"<p><a href=\"http:\/\/contemplom.at\/wp-content\/uploads\/2015\/04\/logo_300dpi-11x19.jpg\"><img loading=\"lazy\" decoding=\"async\" class=\"alignnone size-medium wp-image-32\" src=\"http:\/\/contemplom.at\/wp-content\/uploads\/2015\/04\/logo_300dpi-11x19-300x174.jpg\" alt=\"logo_300dpi 11x19\" width=\"300\" height=\"174\" srcset=\"http:\/\/contemplom.at\/wp-content\/uploads\/2015\/04\/logo_300dpi-11x19-300x174.jpg 300w, http:\/\/contemplom.at\/wp-content\/uploads\/2015\/04\/logo_300dpi-11x19-1024x593.jpg 1024w\" sizes=\"auto, (max-width: 300px) 100vw, 300px\" \/><\/a><\/p>\n<p><b>Rechtliche Hinweise:<\/b><br \/>\n<em>Copyright und f\u00fcr den Inhalt verantwortlich:\u00a0<\/em>Ernst Mindler, 7432 Obersch\u00fctzen<br \/>\n<em>Fotos:\u00a0<\/em>Contemplom, Ernst Mindler.<br \/>\n<em>Homepage:<\/em> WordPress \/ Johannes Mindler-Steiner<\/p>\n<p>Die Inhalte dienen der pers\u00f6nlichen Information und dem pers\u00f6nlichen Gebrauch, jede Weiterverwendung oder Reproduktion dar\u00fcber hinaus ist nicht gestattet. Die Weitergabe oder Ver\u00f6ffentlichung der Bilder zu gewerblichen oder anderen Zwecken ist nur mit ausdr\u00fccklicher vorheriger schriftlicher Genehmigung des jeweiligen Copyrightinhabers gestattet.<\/p>\n<p>F\u00fcr Hyperlinks oder andere Verbindungen zu Internetseiten \u00fcbernehmen wir keine Verantwortung, weder f\u00fcr deren Inhalt noch f\u00fcr die Benutzung dieser Seiten.<\/p>\n<p><strong>Kontakt:<\/strong> <a href=\"mailto:contemplom@gmx.at\" target=\"_blank\">contemplom[at]gmx.at<\/a><\/p>\n","protected":false},"excerpt":{"rendered":"<p>Rechtliche Hinweise: Copyright und f\u00fcr den Inhalt verantwortlich:\u00a0Ernst Mindler, 7432 Obersch\u00fctzen Fotos:\u00a0Contemplom, Ernst Mindler. Homepage: WordPress \/ Johannes Mindler-Steiner Die Inhalte dienen der pers\u00f6nlichen Information und dem pers\u00f6nlichen Gebrauch, jede Weiterverwendung oder Reproduktion dar\u00fcber hinaus ist nicht gestattet. Die Weitergabe oder Ver\u00f6ffentlichung der Bilder zu gewerblichen oder anderen Zwecken ist nur mit ausdr\u00fccklicher vorheriger schriftlicher &hellip; <a href=\"http:\/\/contemplom.at\/?page_id=14\" class=\"more-link\"><span class=\"screen-reader-text\">Impressum<\/span> weiterlesen <span class=\"meta-nav\">&rarr;<\/span><\/a><\/p>\n","protected":false},"author":1,"featured_media":0,"parent":2,"menu_order":0,"comment_status":"closed","ping_status":"open","template":"","meta":{"footnotes":""},"class_list":["post-14","page","type-page","status-publish","hentry"],"_links":{"self":[{"href":"http:\/\/contemplom.at\/index.php?rest_route=\/wp\/v2\/pages\/14","targetHints":{"allow":["GET"]}}],"collection":[{"href":"http:\/\/contemplom.at\/index.php?rest_route=\/wp\/v2\/pages"}],"about":[{"href":"http:\/\/contemplom.at\/index.php?rest_route=\/wp\/v2\/types\/page"}],"author":[{"embeddable":true,"href":"http:\/\/contemplom.at\/index.php?rest_route=\/wp\/v2\/users\/1"}],"replies":[{"embeddable":true,"href":"http:\/\/contemplom.at\/index.php?rest_route=%2Fwp%2Fv2%2Fcomments&post=14"}],"version-history":[{"count":9,"href":"http:\/\/contemplom.at\/index.php?rest_route=\/wp\/v2\/pages\/14\/revisions"}],"predecessor-version":[{"id":525,"href":"http:\/\/contemplom.at\/index.php?rest_route=\/wp\/v2\/pages\/14\/revisions\/525"}],"up":[{"embeddable":true,"href":"http:\/\/contemplom.at\/index.php?rest_route=\/wp\/v2\/pages\/2"}],"wp:attachment":[{"href":"http:\/\/contemplom.at\/index.php?rest_route=%2Fwp%2Fv2%2Fmedia&parent=14"}],"curies":[{"name":"wp","href":"https:\/\/api.w.org\/{rel}","templated":true}]}}