{"id":116,"date":"2017-02-18T09:32:25","date_gmt":"2017-02-18T07:32:25","guid":{"rendered":"http:\/\/contemplom.at\/?page_id=116"},"modified":"2024-07-21T21:06:30","modified_gmt":"2024-07-21T19:06:30","slug":"fuehrungen-und-projekte","status":"publish","type":"page","link":"http:\/\/contemplom.at\/?page_id=116","title":{"rendered":"B e s u c h"},"content":{"rendered":"<blockquote><p>Die Friedhofskirche hat keine bestimmten \u00d6ffnungszeiten.<br \/>\nAnfragen zu Kirchenbesuch und F\u00fchrungen:<\/p>\n<ul>\n<li>Gemeindeamt Obersch\u00fctzen 03353\u00a0 75 24<\/li>\n<li>Tourismus Bad Tatzmannsdorf 03353 70 15<\/li>\n<li>per mail an contemplom@gmx.at<\/li>\n<\/ul>\n<\/blockquote>\n<blockquote><p>Auch Schulklassen sind in der Friedhofskirche willkommen.<br \/>\nDieses w\u00fcrdige alte Geb\u00e4ude eignet sich aufgrund seiner schlichten Architektur und seiner starken Ausstrahlung auch vorz\u00fcglich f\u00fcr Zeichenprojekte.<\/p>\n<p><strong>Standort:<\/strong><br \/>\n7432 Obersch\u00fctzen, Tatzmannsdorferstr. 42.<\/p>\n<p>Obersch\u00fctzen ist eine Filialgemeinde der R\u00f6m. Kath. Pfarrgemeinde Bad Tatzmannsdorf.<\/p><\/blockquote>\n<p>Wir empfehlen die Kombination mit einem Besuch des sch\u00f6nen <a href=\"http:\/\/www.museum-oberschuetzen.com\" target=\"_blank\" rel=\"noopener\">Museums Obersch\u00fctzen im Haus der Volkskultur<\/a>.<\/p>\n","protected":false},"excerpt":{"rendered":"<p>Die Friedhofskirche hat keine bestimmten \u00d6ffnungszeiten. Anfragen zu Kirchenbesuch und F\u00fchrungen: Gemeindeamt Obersch\u00fctzen 03353\u00a0 75 24 Tourismus Bad Tatzmannsdorf 03353 70 15 per mail an contemplom@gmx.at Auch Schulklassen sind in der Friedhofskirche willkommen. Dieses w\u00fcrdige alte Geb\u00e4ude eignet sich aufgrund seiner schlichten Architektur und seiner starken Ausstrahlung auch vorz\u00fcglich f\u00fcr Zeichenprojekte. Standort: 7432 Obersch\u00fctzen, Tatzmannsdorferstr. &hellip; <a href=\"http:\/\/contemplom.at\/?page_id=116\" class=\"more-link\"><span class=\"screen-reader-text\">B e s u c h<\/span> weiterlesen <span class=\"meta-nav\">&rarr;<\/span><\/a><\/p>\n","protected":false},"author":1,"featured_media":0,"parent":0,"menu_order":0,"comment_status":"closed","ping_status":"closed","template":"","meta":{"footnotes":""},"class_list":["post-116","page","type-page","status-publish","hentry"],"_links":{"self":[{"href":"http:\/\/contemplom.at\/index.php?rest_route=\/wp\/v2\/pages\/116","targetHints":{"allow":["GET"]}}],"collection":[{"href":"http:\/\/contemplom.at\/index.php?rest_route=\/wp\/v2\/pages"}],"about":[{"href":"http:\/\/contemplom.at\/index.php?rest_route=\/wp\/v2\/types\/page"}],"author":[{"embeddable":true,"href":"http:\/\/contemplom.at\/index.php?rest_route=\/wp\/v2\/users\/1"}],"replies":[{"embeddable":true,"href":"http:\/\/contemplom.at\/index.php?rest_route=%2Fwp%2Fv2%2Fcomments&post=116"}],"version-history":[{"count":12,"href":"http:\/\/contemplom.at\/index.php?rest_route=\/wp\/v2\/pages\/116\/revisions"}],"predecessor-version":[{"id":1607,"href":"http:\/\/contemplom.at\/index.php?rest_route=\/wp\/v2\/pages\/116\/revisions\/1607"}],"wp:attachment":[{"href":"http:\/\/contemplom.at\/index.php?rest_route=%2Fwp%2Fv2%2Fmedia&parent=116"}],"curies":[{"name":"wp","href":"https:\/\/api.w.org\/{rel}","templated":true}]}}